hat is the remainder when 3561974 is divided by 964?
958
What is the remainder when 258 is divided by 223?
35
What is the remainder when 104427 is divided by 29?
27
What is the remainder when 10037 is divided by 2858?
1463
What is the remainder when 1963 is divided by 37?
2
Calculate the remainder when 257373 is divided by 5476.
1
Calculate the remainder when 41332 is divided by 5892.
88
Calculate the remainder when 10186 is divided by 173.
152
Calculate the remainder when 1015 is divided by 1004.
11
Calculate the remainder when 1106423 is divided by 968.
967
What is the remainder when 84315 is divided by 153?
12
Calculate the remainder when 10247 is divided by 210.
167
Calculate the remainder when 34834 is divided by 17361.
112
Calculate the remainder when 10946 is divided by 12.
2
What is the remainder when 731 is divided by 378?
353
What is the remainder when 22592 is divided by 1870?
152
What is the remainder when 22018 is divided by 286?
282
Calculate the remainder when 81274 is divided by 2032.
2026
Calculate the remainder when 5393 is divided by 5372.
21
What is the remainder when 2029 is divided by 472?
141
What is the remainder when 26016 is divided by 1369?
5
Calculate the remainder when 10426 is divided by 158.
156
What is the remainder when 7744 is divided by 452?
60
Calculate the remainder when 32532 is divided by 8031.
408
What is the remainder when 73388 is divided by 556?
552
What is the remainder when 3670 is divided by 984?
718
Calculate the remainder when 227930 is divided by 544.
538
Calculate the remainder when 87783 is divided by 181.
179
Calculate the remainder when 102310 is divided by 34081.
67
Calculate the remainder when 3565 is divided by 837.
217
Calculate the remainder when 29314 is divided by 269.
262
What is the remainder when 1641 is divided by 128?
105
What is the remainder when 223004 is divided by 74331?
11
What is the remainder when 25342 is divided by 12662?
18
Calculate the remainder when 193371 is divided by 27.
24
What is the remainder when 1566 is divided by 200?
166
Calculate the remainder when 74344 is divided by 658.
648
What is the remainder when 35507 is divided by 11812?
71
Calculate the remainder when 3133 is divided by 96.
61
What is the remainder when 98028 is divided by 16?
12
Calculate the remainder when 75725 is divided by 16.
13
What is the remainder when 1116880 is divided by 117?
115
What is the remainder when 31801 is divided by 1871?
1865
What is the remainder when 13616 is divided by 488?
440
Calculate the remainder when 124584 is divided by 57.
39
What is the remainder when 24732 is divided by 1465?
1292
Calculate the remainder when 31452 is divided by 7854.
36
Calculate the remainder when 368438 is divided by 152.
142
Calculate the remainder when 18421 is divided by 57.
10
Calculate the remainder when 8794 is divided by 2190.
34
What is the remainder when 202164 is divided by 8?
4
What is the remainder when 8840 is divided by 511?
153
What is the remainder when 56146 is divided by 484?
2
Calculate the remainder when 20832 is divided by 67.
62
Calculate the remainder when 2683 is divided by 695.
598
Calculate the remainder when 2399 is divided by 657.
428
Calculate the remainder when 3564 is divided by 659.
269
What is the remainder when 2284 is divided by 44?
40
Calculate the remainder when 274478 is divided by 559.
9
Calculate the remainder when 7955 is divided by 1874.
459
Calculate the remainder when 12636 is divided by 157.
76
What is the remainder when 5456 is divided by 714?
458
Calculate the remainder when 192379 is divided by 265.
254
What is the remainder when 12154 is divided by 1524?
1486
Calculate the remainder when 335456 is divided by 15974.
2
Calculate the remainder when 2153 is divided by 2020.
133
Calculate the remainder when 2576 is divided by 148.
60
What is the remainder when 5598 is divided by 28?
26
Calculate the remainder when 485302 is divided by 22059.
4
What is the remainder when 3418 is divided by 3414?
4
What is the remainder when 153598 is divided by 51184?
46
Calculate the remainder when 1162 is divided by 298.
268
What is the remainder when 95572 is divided by 1991?
4
Calculate the remainder when 619 is divided by 30.
19
Calculate the remainder when 53569 is divided by 2059.
35
What is the remainder when 10589 is divided by 441?
5
Calculate the remainder when 409 is divided by 83.
77
Calculate the remainder when 29771 is divided by 496.
11
Calculate the remainder when 11124 is divided by 1847.
42
Calculate the remainder when 52788 is divided by 53.
0
What is the remainder when 39049 is divided by 426?
283
Calculate the remainder when 326983 is divided by 167.
164
Calculate the remainder when 224769 is divided by 3.
0
Calculate the remainder when 31070 is divided by 92.
66
Calculate the remainder when 15200 is divided by 225.
125
What is the remainder when 5578 is divided by 201?
151
What is the remainder when 1416 is divided by 473?
470
Calculate the remainder when 12014 is divided by 24.
14
Calculate the remainder when 9536 is divided by 59.
37
What is the remainder when 10383 is divided by 7?
2
What is the remainder when 1236 is divided by 1200?
36
What is the remainder when 457662 is divided by 15?
12
What is the remainder when 3859 is divided by 204?
187
Calculate the remainder when 54153 is divided by 54112.
41
What is the remainder when 14742 is divided by 2912?
182
Calculate the remainder when 150770 is divided by 6277.
122
Calculate the remainder when 10301 is divided by 1153.
1077
What is the remainder when 2934 is divided by 737?
723
What is the remainder when 14609 is divided by 318?
299
Calculate the remainder when 94857 is divided by 771.
24
What is the remainder when 279503 is divided by 430?
3
What is the remainder when 68766 is divided by 525?
516
Calculate the remainder when 88855 is divided by 116.
115
What is the remainder when 2317 is divided by 104?
29
What is the remainder when 437535 is divided by 473?
10
What is the remainder when 88346 is divided by 52?
50
Calculate the remainder when 5671 is divided by 1888.
7
What is the remainder when 562113 is divided by 184?
177
What is the remainder when 33865 is divided by 53?
51
Calculate the remainder when 9089 is divided by 4540.
9
What is the remainder when 1767 is divided by 455?
402
Calculate the remainder when 5222 is divided by 476.
462
What is the remainder when 318401 is divided by 902?
897
Calculate the remainder when 53520 is divided by 1982.
6
What is the remainder when 2235404 is divided by 73?
71
What is the remainder when 12615 is divided by 828?
195
Calculate the remainder when 390672 is divided by 187.
29
What is the remainder when 4312 is divided by 2112?
88
Calculate the remainder when 3875 is divided by 1252.
119
Calculate the remainder when 1461384 is divided by 21.
15
What is the remainder when 65952 is divided by 308?
40
What is the remainder when 1322 is divided by 241?
117
Calculate the remainder when 10061 is divided by 3321.
98
Calculate the remainder when 28350 is divided by 29.
17
Calculate the remainder when 1266 is divided by 38.
12
What is the remainder when 5860 is divided by 136?
12
What is the remainder when 224499 is divided by 18?
3
What is the remainder when 3877 is divided by 588?
349
What is the remainder when 2184 is divided by 7?
0
What is the remainder when 129133 is divided by 1614?
13
What is the remainder when 152403 is divided by 508?
3
What is the remainder when 5392 is divided by 1330?
72
What is the remainder when 53133 is divided by 216?
213
What is the remainder when 11333 is divided by 365?
18
Calculate the remainder when 155142 is divided by 451.
449
What is the remainder when 52329 is divided by 12?
9
Calculate the remainder when 5052 is divided by 121.
91
Calculate the remainder when 130497 is divided by 7.
3
What is the remainder when 111548 is divided by 97?
95
What is the remainder when 196842 is divided by 427?
422
Calculate the remainder when 34554 is divided by 326.
324
What is the remainder when 8439 is divided by 157?
118
What is the remainder when 6164 is divided by 109?
60
Calculate the remainder when 3792 is divided by 475.
467
Calculate the remainder when 10742 is divided by 5.
2
Calculate the remainder when 1343 i